{"id":315,"date":"2015-10-06T21:26:09","date_gmt":"2015-10-06T21:26:09","guid":{"rendered":"http:\/\/chateaudalencon.fr\/?page_id=315"},"modified":"2015-10-06T21:26:09","modified_gmt":"2015-10-06T21:26:09","slug":"vtt","status":"publish","type":"page","link":"https:\/\/chateaudalencon.fr\/index.php\/vtt\/","title":{"rendered":"VTT"},"content":{"rendered":"<h2 class=\"art-postheader\">VTT<\/h2>\n<div class=\"art-postcontent\">\n<div class=\"art-article\">\n<p><img loading=\"lazy\" decoding=\"async\" src=\"https:\/\/chateaudalencon.free.fr\/images\/stories\/Sports\/Vtt%20descente.jpg\" alt=\"Vtt descente\" width=\"200\" height=\"299\" \/><\/p>\n<p>&nbsp;<\/p>\n<p>1200km de sentiers balis\u00e9s VTT : du plus petit parcours (1.5km) au plus grand (65km), 11 sites de d\u00e9part sont recens\u00e9s en Dr\u00f4me Proven\u00e7ale.<\/p>\n<ul>\n<li>\u00ab\u00a0Tour du Pays Nyonsais\u00a0\u00bb<\/li>\n<\/ul>\n<p>Circuit permanent au Road-Book 93 km \/ 3500m de d\u00e9nivel\u00e9.<br \/>\nCircuit \u00e0 caract\u00e8re sportif n\u00e9cessitant un bon entra\u00eenement physique et technique.<br \/>\nIl peut se faire en une ou plusieurs \u00e9tapes. Disponible \u00e0 l\u2019Office de Tourisme de Nyons au prix de 4 \u20ac TTC.<\/p>\n<ul>\n<li>A l&rsquo;Office du Tourisme\u00a0de Dieulefit vous pourrez trouver 8 circuits VTT pour 5 \u20ac.<\/li>\n<\/ul>\n<p>Dans tous les cas n&rsquo;h\u00e9sitez pas \u00e0 consulter le site drome vtt, qui vous orientera dans le choix de vos circuits:<br \/>\nhttp:\/\/www.dromevtt.com\/carte-circuits-drome-vtt.php#29<\/p>\n<p>Location possible \u00e0 Dieulefit chez \u00ab\u00a0<strong>Vercors Bikes<\/strong>\u00ab\u00a0: <a href=\"http:\/\/www.vercorsbikes.fr\/\">http:\/\/www.vercorsbikes.fr\/<\/a><\/p>\n<\/div>\n<\/div>\n","protected":false},"excerpt":{"rendered":"<p>VTT &nbsp; 1200km de sentiers balis\u00e9s VTT : du plus petit parcours (1.5km) au plus grand (65km), 11 sites de <a class=\"more-link\" href=\"https:\/\/chateaudalencon.fr\/index.php\/vtt\/\">Lire plus&#8230;<\/a><\/p>\n","protected":false},"author":1,"featured_media":0,"parent":0,"menu_order":0,"comment_status":"closed","ping_status":"closed","template":"","meta":{"footnotes":""},"class_list":["post-315","page","type-page","status-publish","hentry"],"yoast_head":"<!-- This site is optimized with the Yoast SEO plugin v25.3 - https:\/\/yoast.com\/wordpress\/plugins\/seo\/ -->\n<title>VTT - Chateau d&#039;Alen\u00e7on<\/title>\n<meta name=\"robots\" content=\"index, follow, max-snippet:-1, max-image-preview:large, max-video-preview:-1\" \/>\n<link rel=\"canonical\" href=\"https:\/\/chateaudalencon.fr\/index.php\/vtt\/\" \/>\n<meta property=\"og:locale\" content=\"fr_FR\" \/>\n<meta property=\"og:type\" content=\"article\" \/>\n<meta property=\"og:title\" content=\"VTT - Chateau d&#039;Alen\u00e7on\" \/>\n<meta property=\"og:description\" content=\"VTT &nbsp; 1200km de sentiers balis\u00e9s VTT : du plus petit parcours (1.5km) au plus grand (65km), 11 sites de Lire plus...\" \/>\n<meta property=\"og:url\" content=\"https:\/\/chateaudalencon.fr\/index.php\/vtt\/\" \/>\n<meta property=\"og:site_name\" content=\"Chateau d&#039;Alen\u00e7on\" \/>\n<meta property=\"article:publisher\" content=\"https:\/\/www.facebook.com\/gite.alencon\" \/>\n<meta property=\"og:image\" content=\"http:\/\/chateaudalencon.free.fr\/images\/stories\/Sports\/Vtt%20descente.jpg\" \/>\n<meta name=\"twitter:card\" content=\"summary_large_image\" \/>\n<meta name=\"twitter:label1\" content=\"Dur\u00e9e de lecture estim\u00e9e\" \/>\n\t<meta name=\"twitter:data1\" content=\"1 minute\" \/>\n<script type=\"application\/ld+json\" class=\"yoast-schema-graph\">{\"@context\":\"https:\/\/schema.org\",\"@graph\":[{\"@type\":\"WebPage\",\"@id\":\"https:\/\/chateaudalencon.fr\/index.php\/vtt\/\",\"url\":\"https:\/\/chateaudalencon.fr\/index.php\/vtt\/\",\"name\":\"VTT - Chateau d&#039;Alen\u00e7on\",\"isPartOf\":{\"@id\":\"https:\/\/chateaudalencon.fr\/#website\"},\"primaryImageOfPage\":{\"@id\":\"https:\/\/chateaudalencon.fr\/index.php\/vtt\/#primaryimage\"},\"image\":{\"@id\":\"https:\/\/chateaudalencon.fr\/index.php\/vtt\/#primaryimage\"},\"thumbnailUrl\":\"http:\/\/chateaudalencon.free.fr\/images\/stories\/Sports\/Vtt%20descente.jpg\",\"datePublished\":\"2015-10-06T21:26:09+00:00\",\"breadcrumb\":{\"@id\":\"https:\/\/chateaudalencon.fr\/index.php\/vtt\/#breadcrumb\"},\"inLanguage\":\"fr-FR\",\"potentialAction\":[{\"@type\":\"ReadAction\",\"target\":[\"https:\/\/chateaudalencon.fr\/index.php\/vtt\/\"]}]},{\"@type\":\"ImageObject\",\"inLanguage\":\"fr-FR\",\"@id\":\"https:\/\/chateaudalencon.fr\/index.php\/vtt\/#primaryimage\",\"url\":\"http:\/\/chateaudalencon.free.fr\/images\/stories\/Sports\/Vtt%20descente.jpg\",\"contentUrl\":\"http:\/\/chateaudalencon.free.fr\/images\/stories\/Sports\/Vtt%20descente.jpg\"},{\"@type\":\"BreadcrumbList\",\"@id\":\"https:\/\/chateaudalencon.fr\/index.php\/vtt\/#breadcrumb\",\"itemListElement\":[{\"@type\":\"ListItem\",\"position\":1,\"name\":\"Accueil\",\"item\":\"https:\/\/chateaudalencon.fr\/index.php\/home_\/\"},{\"@type\":\"ListItem\",\"position\":2,\"name\":\"VTT\"}]},{\"@type\":\"WebSite\",\"@id\":\"https:\/\/chateaudalencon.fr\/#website\",\"url\":\"https:\/\/chateaudalencon.fr\/\",\"name\":\"Chateau d'Alen\u00e7on\",\"description\":\"G\u00eete en Dr\u00f4me Proven\u00e7ale\",\"publisher\":{\"@id\":\"https:\/\/chateaudalencon.fr\/#organization\"},\"alternateName\":\"Gites du Chateau d'Alen\u00e7on\",\"potentialAction\":[{\"@type\":\"SearchAction\",\"target\":{\"@type\":\"EntryPoint\",\"urlTemplate\":\"https:\/\/chateaudalencon.fr\/?s={search_term_string}\"},\"query-input\":{\"@type\":\"PropertyValueSpecification\",\"valueRequired\":true,\"valueName\":\"search_term_string\"}}],\"inLanguage\":\"fr-FR\"},{\"@type\":\"Organization\",\"@id\":\"https:\/\/chateaudalencon.fr\/#organization\",\"name\":\"Gites du Chateau d'Alen\u00e7on\",\"url\":\"https:\/\/chateaudalencon.fr\/\",\"logo\":{\"@type\":\"ImageObject\",\"inLanguage\":\"fr-FR\",\"@id\":\"https:\/\/chateaudalencon.fr\/#\/schema\/logo\/image\/\",\"url\":\"https:\/\/chateaudalencon.fr\/wp-content\/uploads\/2015\/09\/cropped-Logo-Gite-de-France.png\",\"contentUrl\":\"https:\/\/chateaudalencon.fr\/wp-content\/uploads\/2015\/09\/cropped-Logo-Gite-de-France.png\",\"width\":512,\"height\":512,\"caption\":\"Gites du Chateau d'Alen\u00e7on\"},\"image\":{\"@id\":\"https:\/\/chateaudalencon.fr\/#\/schema\/logo\/image\/\"},\"sameAs\":[\"https:\/\/www.facebook.com\/gite.alencon\"]}]}<\/script>\n<!-- \/ Yoast SEO plugin. -->","yoast_head_json":{"title":"VTT - Chateau d&#039;Alen\u00e7on","robots":{"index":"index","follow":"follow","max-snippet":"max-snippet:-1","max-image-preview":"max-image-preview:large","max-video-preview":"max-video-preview:-1"},"canonical":"https:\/\/chateaudalencon.fr\/index.php\/vtt\/","og_locale":"fr_FR","og_type":"article","og_title":"VTT - Chateau d&#039;Alen\u00e7on","og_description":"VTT &nbsp; 1200km de sentiers balis\u00e9s VTT : du plus petit parcours (1.5km) au plus grand (65km), 11 sites de Lire plus...","og_url":"https:\/\/chateaudalencon.fr\/index.php\/vtt\/","og_site_name":"Chateau d&#039;Alen\u00e7on","article_publisher":"https:\/\/www.facebook.com\/gite.alencon","og_image":[{"url":"http:\/\/chateaudalencon.free.fr\/images\/stories\/Sports\/Vtt%20descente.jpg","type":"","width":"","height":""}],"twitter_card":"summary_large_image","twitter_misc":{"Dur\u00e9e de lecture estim\u00e9e":"1 minute"},"schema":{"@context":"https:\/\/schema.org","@graph":[{"@type":"WebPage","@id":"https:\/\/chateaudalencon.fr\/index.php\/vtt\/","url":"https:\/\/chateaudalencon.fr\/index.php\/vtt\/","name":"VTT - Chateau d&#039;Alen\u00e7on","isPartOf":{"@id":"https:\/\/chateaudalencon.fr\/#website"},"primaryImageOfPage":{"@id":"https:\/\/chateaudalencon.fr\/index.php\/vtt\/#primaryimage"},"image":{"@id":"https:\/\/chateaudalencon.fr\/index.php\/vtt\/#primaryimage"},"thumbnailUrl":"http:\/\/chateaudalencon.free.fr\/images\/stories\/Sports\/Vtt%20descente.jpg","datePublished":"2015-10-06T21:26:09+00:00","breadcrumb":{"@id":"https:\/\/chateaudalencon.fr\/index.php\/vtt\/#breadcrumb"},"inLanguage":"fr-FR","potentialAction":[{"@type":"ReadAction","target":["https:\/\/chateaudalencon.fr\/index.php\/vtt\/"]}]},{"@type":"ImageObject","inLanguage":"fr-FR","@id":"https:\/\/chateaudalencon.fr\/index.php\/vtt\/#primaryimage","url":"http:\/\/chateaudalencon.free.fr\/images\/stories\/Sports\/Vtt%20descente.jpg","contentUrl":"http:\/\/chateaudalencon.free.fr\/images\/stories\/Sports\/Vtt%20descente.jpg"},{"@type":"BreadcrumbList","@id":"https:\/\/chateaudalencon.fr\/index.php\/vtt\/#breadcrumb","itemListElement":[{"@type":"ListItem","position":1,"name":"Accueil","item":"https:\/\/chateaudalencon.fr\/index.php\/home_\/"},{"@type":"ListItem","position":2,"name":"VTT"}]},{"@type":"WebSite","@id":"https:\/\/chateaudalencon.fr\/#website","url":"https:\/\/chateaudalencon.fr\/","name":"Chateau d'Alen\u00e7on","description":"G\u00eete en Dr\u00f4me Proven\u00e7ale","publisher":{"@id":"https:\/\/chateaudalencon.fr\/#organization"},"alternateName":"Gites du Chateau d'Alen\u00e7on","potentialAction":[{"@type":"SearchAction","target":{"@type":"EntryPoint","urlTemplate":"https:\/\/chateaudalencon.fr\/?s={search_term_string}"},"query-input":{"@type":"PropertyValueSpecification","valueRequired":true,"valueName":"search_term_string"}}],"inLanguage":"fr-FR"},{"@type":"Organization","@id":"https:\/\/chateaudalencon.fr\/#organization","name":"Gites du Chateau d'Alen\u00e7on","url":"https:\/\/chateaudalencon.fr\/","logo":{"@type":"ImageObject","inLanguage":"fr-FR","@id":"https:\/\/chateaudalencon.fr\/#\/schema\/logo\/image\/","url":"https:\/\/chateaudalencon.fr\/wp-content\/uploads\/2015\/09\/cropped-Logo-Gite-de-France.png","contentUrl":"https:\/\/chateaudalencon.fr\/wp-content\/uploads\/2015\/09\/cropped-Logo-Gite-de-France.png","width":512,"height":512,"caption":"Gites du Chateau d'Alen\u00e7on"},"image":{"@id":"https:\/\/chateaudalencon.fr\/#\/schema\/logo\/image\/"},"sameAs":["https:\/\/www.facebook.com\/gite.alencon"]}]}},"_links":{"self":[{"href":"https:\/\/chateaudalencon.fr\/index.php\/wp-json\/wp\/v2\/pages\/315","targetHints":{"allow":["GET"]}}],"collection":[{"href":"https:\/\/chateaudalencon.fr\/index.php\/wp-json\/wp\/v2\/pages"}],"about":[{"href":"https:\/\/chateaudalencon.fr\/index.php\/wp-json\/wp\/v2\/types\/page"}],"author":[{"embeddable":true,"href":"https:\/\/chateaudalencon.fr\/index.php\/wp-json\/wp\/v2\/users\/1"}],"replies":[{"embeddable":true,"href":"https:\/\/chateaudalencon.fr\/index.php\/wp-json\/wp\/v2\/comments?post=315"}],"version-history":[{"count":1,"href":"https:\/\/chateaudalencon.fr\/index.php\/wp-json\/wp\/v2\/pages\/315\/revisions"}],"predecessor-version":[{"id":316,"href":"https:\/\/chateaudalencon.fr\/index.php\/wp-json\/wp\/v2\/pages\/315\/revisions\/316"}],"wp:attachment":[{"href":"https:\/\/chateaudalencon.fr\/index.php\/wp-json\/wp\/v2\/media?parent=315"}],"curies":[{"name":"wp","href":"https:\/\/api.w.org\/{rel}","templated":true}]}}

<h2 class="art-postheader">VTT</h2>
<div class="art-postcontent">
<div class="art-article">
<p><img loading="lazy" decoding="async" src="https://chateaudalencon.free.fr/images/stories/Sports/Vtt%20descente.jpg" alt="Vtt descente" width="200" height="299" /></p>
<p>&nbsp;</p>
<p>1200km de sentiers balisés VTT : du plus petit parcours (1.5km) au plus grand (65km), 11 sites de départ sont recensés en Drôme Provençale.</p>
<ul>
<li>« Tour du Pays Nyonsais »</li>
</ul>
<p>Circuit permanent au Road-Book 93 km / 3500m de dénivelé.<br />
Circuit à caractère sportif nécessitant un bon entraînement physique et technique.<br />
Il peut se faire en une ou plusieurs étapes. Disponible à l’Office de Tourisme de Nyons au prix de 4 € TTC.</p>
<ul>
<li>A l&rsquo;Office du Tourisme de Dieulefit vous pourrez trouver 8 circuits VTT pour 5 €.</li>
</ul>
<p>Dans tous les cas n&rsquo;hésitez pas à consulter le site drome vtt, qui vous orientera dans le choix de vos circuits:<br />
http://www.dromevtt.com/carte-circuits-drome-vtt.php#29</p>
<p>Location possible à Dieulefit chez « <strong>Vercors Bikes</strong>« : <a href="http://www.vercorsbikes.fr/">http://www.vercorsbikes.fr/</a></p>
</div>
</div>

<p>VTT &nbsp; 1200km de sentiers balisés VTT : du plus petit parcours (1.5km) au plus grand (65km), 11 sites de <a class="more-link" href="https://chateaudalencon.fr/index.php/vtt/">Lire plus&#8230;</a></p>

<!-- This site is optimized with the Yoast SEO plugin v25.3 - https://yoast.com/wordpress/plugins/seo/ -->
<title>VTT - Chateau d&#039;Alençon</title>
<meta name="robots" content="index, follow, max-snippet:-1, max-image-preview:large, max-video-preview:-1" />
<link rel="canonical" href="https://chateaudalencon.fr/index.php/vtt/" />
<meta property="og:locale" content="fr_FR" />
<meta property="og:type" content="article" />
<meta property="og:title" content="VTT - Chateau d&#039;Alençon" />
<meta property="og:description" content="VTT &nbsp; 1200km de sentiers balisés VTT : du plus petit parcours (1.5km) au plus grand (65km), 11 sites de Lire plus..." />
<meta property="og:url" content="https://chateaudalencon.fr/index.php/vtt/" />
<meta property="og:site_name" content="Chateau d&#039;Alençon" />
<meta property="article:publisher" content="https://www.facebook.com/gite.alencon" />
<meta property="og:image" content="http://chateaudalencon.free.fr/images/stories/Sports/Vtt%20descente.jpg" />
<meta name="twitter:card" content="summary_large_image" />
<meta name="twitter:label1" content="Durée de lecture estimée" />
	<meta name="twitter:data1" content="1 minute" />
<script type="application/ld+json" class="yoast-schema-graph">{"@context":"https://schema.org","@graph":[{"@type":"WebPage","@id":"https://chateaudalencon.fr/index.php/vtt/","url":"https://chateaudalencon.fr/index.php/vtt/","name":"VTT - Chateau d&#039;Alençon","isPartOf":{"@id":"https://chateaudalencon.fr/#website"},"primaryImageOfPage":{"@id":"https://chateaudalencon.fr/index.php/vtt/#primaryimage"},"image":{"@id":"https://chateaudalencon.fr/index.php/vtt/#primaryimage"},"thumbnailUrl":"http://chateaudalencon.free.fr/images/stories/Sports/Vtt%20descente.jpg","datePublished":"2015-10-06T21:26:09+00:00","breadcrumb":{"@id":"https://chateaudalencon.fr/index.php/vtt/#breadcrumb"},"inLanguage":"fr-FR","potentialAction":[{"@type":"ReadAction","target":["https://chateaudalencon.fr/index.php/vtt/"]}]},{"@type":"ImageObject","inLanguage":"fr-FR","@id":"https://chateaudalencon.fr/index.php/vtt/#primaryimage","url":"http://chateaudalencon.free.fr/images/stories/Sports/Vtt%20descente.jpg","contentUrl":"http://chateaudalencon.free.fr/images/stories/Sports/Vtt%20descente.jpg"},{"@type":"BreadcrumbList","@id":"https://chateaudalencon.fr/index.php/vtt/#breadcrumb","itemListElement":[{"@type":"ListItem","position":1,"name":"Accueil","item":"https://chateaudalencon.fr/index.php/home_/"},{"@type":"ListItem","position":2,"name":"VTT"}]},{"@type":"WebSite","@id":"https://chateaudalencon.fr/#website","url":"https://chateaudalencon.fr/","name":"Chateau d'Alençon","description":"Gîte en Drôme Provençale","publisher":{"@id":"https://chateaudalencon.fr/#organization"},"alternateName":"Gites du Chateau d'Alençon","potentialAction":[{"@type":"SearchAction","target":{"@type":"EntryPoint","urlTemplate":"https://chateaudalencon.fr/?s={search_term_string}"},"query-input":{"@type":"PropertyValueSpecification","valueRequired":true,"valueName":"search_term_string"}}],"inLanguage":"fr-FR"},{"@type":"Organization","@id":"https://chateaudalencon.fr/#organization","name":"Gites du Chateau d'Alençon","url":"https://chateaudalencon.fr/","logo":{"@type":"ImageObject","inLanguage":"fr-FR","@id":"https://chateaudalencon.fr/#/schema/logo/image/","url":"https://chateaudalencon.fr/wp-content/uploads/2015/09/cropped-Logo-Gite-de-France.png","contentUrl":"https://chateaudalencon.fr/wp-content/uploads/2015/09/cropped-Logo-Gite-de-France.png","width":512,"height":512,"caption":"Gites du Chateau d'Alençon"},"image":{"@id":"https://chateaudalencon.fr/#/schema/logo/image/"},"sameAs":["https://www.facebook.com/gite.alencon"]}]}</script>
<!-- / Yoast SEO plugin. -->

VTT - Chateau d&#039;Alençon

VTT &nbsp; 1200km de sentiers balisés VTT : du plus petit parcours (1.5km) au plus grand (65km), 11 sites de Lire plus...

Chateau d&#039;Alençon

Chateau d'Alençon

Gîte en Drôme Provençale

Gites du Chateau d'Alençon
