{"id":129,"date":"2015-09-26T09:16:10","date_gmt":"2015-09-26T09:16:10","guid":{"rendered":"http:\/\/chateaudalencon.fr\/?page_id=129"},"modified":"2025-06-12T20:44:20","modified_gmt":"2025-06-12T20:44:20","slug":"tarif-reservation","status":"publish","type":"page","link":"https:\/\/chateaudalencon.fr\/index.php\/tarif-reservation\/","title":{"rendered":"Tarifs &amp; R\u00e9servation"},"content":{"rendered":"\n<p>Nos tarifs sont d\u00e9taill\u00e9s ci-dessous. N&rsquo;h\u00e9sitez pas \u00e0 nous contacter pour que nous vous fassions une proposition personnalis\u00e9e.<\/p>\n\n\n\n<div class=\"b24bookingbutton\"><form  method='GET' action='https:\/\/beds24.com\/booking.php' target='_blank' style='display:inline'><input type='submit' value='R\u00e9server en Ligne les G\u00eetes du Ch\u00e2teau'  style= \"width: auto; height: auto; text-shadow: 0 -1px 1px rgba(0, 0, 0, 0.1); -webkit-box-shadow: 0px 0px 1px #777777; -moz-box-shadow: 0px 0px 1px #777777; box-shadow: 0px 0px 1px #777777; cursor: pointer; display: inline-block; font-size: 24px; font-weight: bold;  padding: 10px; position: relative; text-align: center; font-family: inherit; background: #339900; background: -moz-linear-gradient(top, #66cc00, #339900); background: -webkit-gradient(linear, left top, left bottom, from(#66cc00), to(#339900)); background: -webkit-linear-gradient(top, #66cc00, #339900); background: -o-linear-gradient(top, #66cc00, #339900); background: linear-gradient(top, #66cc00, #339900); filter: progid:DXImageTransform.Microsoft.gradient(startColorstr='#66cc00', endColorstr='#339900'); border: 1px solid #339900; color: #ffffff;\"><input type='hidden' name='propid' value='127947'><input type='hidden' name='type' value='0'><input type='hidden' name='referer' value='BookingButton'><\/form><\/div>\n\n\n\n<blockquote class=\"wp-block-quote is-layout-flow wp-block-quote-is-layout-flow\">\n<p><\/p>\n<cite>&#8211;<\/cite><\/blockquote>\n\n\n<div class=\"b24bookingbutton\">\n<form method=\"GET\" action=\"https:\/\/beds24.com\/booking.php\" target=\"_blank\" style=\"display:inline\"><input type=\"submit\" value=\"R\u00e9server en ligne le G\u00eete Coin de Paradis\" style=\"width: auto; height: auto; text-shadow: 0 -1px 1px rgba(0, 0, 0, 0.1); -webkit-box-shadow: 0px 0px 1px #777777; -moz-box-shadow: 0px 0px 1px #777777; box-shadow: 0px 0px 1px #777777; cursor: pointer; display: inline-block; font-size: 24px; font-weight: bold;  padding: 10px; position: relative; text-align: center; font-family: inherit; background: #339900; background: -moz-linear-gradient(top, #66cc00, #339900); background: -webkit-gradient(linear, left top, left bottom, from(#66cc00), to(#339900)); background: -webkit-linear-gradient(top, #66cc00, #339900); background: -o-linear-gradient(top, #66cc00, #339900); background: linear-gradient(top, #66cc00, #339900); filter: progid:DXImageTransform.Microsoft.gradient(startColorstr='#66cc00', endColorstr='#339900'); border: 1px solid #339900; color: #ffffff;\"><input type=\"hidden\" name=\"propid\" value=\"127948\"><input type=\"hidden\" name=\"type\" value=\"0\"><input type=\"hidden\" name=\"referer\" value=\"BookingButton\"><\/form>\n<\/div>\n","protected":false},"excerpt":{"rendered":"<p>Nos tarifs sont d\u00e9taill\u00e9s ci-dessous. N&rsquo;h\u00e9sitez pas \u00e0 nous contacter pour que nous vous fassions une proposition personnalis\u00e9e. &#8211;<\/p>\n","protected":false},"author":1,"featured_media":457,"parent":0,"menu_order":0,"comment_status":"closed","ping_status":"closed","template":"","meta":{"footnotes":""},"class_list":["post-129","page","type-page","status-publish","has-post-thumbnail","hentry"],"yoast_head":"<!-- This site is optimized with the Yoast SEO plugin v25.3 - https:\/\/yoast.com\/wordpress\/plugins\/seo\/ -->\n<title>Tarifs &amp; R\u00e9servation - Chateau d&#039;Alen\u00e7on<\/title>\n<meta name=\"robots\" content=\"index, follow, max-snippet:-1, max-image-preview:large, max-video-preview:-1\" \/>\n<link rel=\"canonical\" href=\"https:\/\/chateaudalencon.fr\/index.php\/tarif-reservation\/\" \/>\n<meta property=\"og:locale\" content=\"fr_FR\" \/>\n<meta property=\"og:type\" content=\"article\" \/>\n<meta property=\"og:title\" content=\"Tarifs &amp; R\u00e9servation - Chateau d&#039;Alen\u00e7on\" \/>\n<meta property=\"og:description\" content=\"Nos tarifs sont d\u00e9taill\u00e9s ci-dessous. N&rsquo;h\u00e9sitez pas \u00e0 nous contacter pour que nous vous fassions une proposition personnalis\u00e9e. &#8211;\" \/>\n<meta property=\"og:url\" content=\"https:\/\/chateaudalencon.fr\/index.php\/tarif-reservation\/\" \/>\n<meta property=\"og:site_name\" content=\"Chateau d&#039;Alen\u00e7on\" \/>\n<meta property=\"article:publisher\" content=\"https:\/\/www.facebook.com\/gite.alencon\" \/>\n<meta property=\"article:modified_time\" content=\"2025-06-12T20:44:20+00:00\" \/>\n<meta property=\"og:image\" content=\"https:\/\/chateaudalencon.fr\/wp-content\/uploads\/2015\/09\/cropped-DSC_0677.jpg\" \/>\n\t<meta property=\"og:image:width\" content=\"1679\" \/>\n\t<meta property=\"og:image:height\" content=\"720\" \/>\n\t<meta property=\"og:image:type\" content=\"image\/jpeg\" \/>\n<meta name=\"twitter:card\" content=\"summary_large_image\" \/>\n<meta name=\"twitter:label1\" content=\"Dur\u00e9e de lecture estim\u00e9e\" \/>\n\t<meta name=\"twitter:data1\" content=\"1 minute\" \/>\n<script type=\"application\/ld+json\" class=\"yoast-schema-graph\">{\"@context\":\"https:\/\/schema.org\",\"@graph\":[{\"@type\":\"WebPage\",\"@id\":\"https:\/\/chateaudalencon.fr\/index.php\/tarif-reservation\/\",\"url\":\"https:\/\/chateaudalencon.fr\/index.php\/tarif-reservation\/\",\"name\":\"Tarifs &amp; R\u00e9servation - Chateau d&#039;Alen\u00e7on\",\"isPartOf\":{\"@id\":\"https:\/\/chateaudalencon.fr\/#website\"},\"primaryImageOfPage\":{\"@id\":\"https:\/\/chateaudalencon.fr\/index.php\/tarif-reservation\/#primaryimage\"},\"image\":{\"@id\":\"https:\/\/chateaudalencon.fr\/index.php\/tarif-reservation\/#primaryimage\"},\"thumbnailUrl\":\"https:\/\/chateaudalencon.fr\/wp-content\/uploads\/2015\/09\/cropped-DSC_0677.jpg\",\"datePublished\":\"2015-09-26T09:16:10+00:00\",\"dateModified\":\"2025-06-12T20:44:20+00:00\",\"breadcrumb\":{\"@id\":\"https:\/\/chateaudalencon.fr\/index.php\/tarif-reservation\/#breadcrumb\"},\"inLanguage\":\"fr-FR\",\"potentialAction\":[{\"@type\":\"ReadAction\",\"target\":[\"https:\/\/chateaudalencon.fr\/index.php\/tarif-reservation\/\"]}]},{\"@type\":\"ImageObject\",\"inLanguage\":\"fr-FR\",\"@id\":\"https:\/\/chateaudalencon.fr\/index.php\/tarif-reservation\/#primaryimage\",\"url\":\"https:\/\/chateaudalencon.fr\/wp-content\/uploads\/2015\/09\/cropped-DSC_0677.jpg\",\"contentUrl\":\"https:\/\/chateaudalencon.fr\/wp-content\/uploads\/2015\/09\/cropped-DSC_0677.jpg\",\"width\":1679,\"height\":720},{\"@type\":\"BreadcrumbList\",\"@id\":\"https:\/\/chateaudalencon.fr\/index.php\/tarif-reservation\/#breadcrumb\",\"itemListElement\":[{\"@type\":\"ListItem\",\"position\":1,\"name\":\"Accueil\",\"item\":\"https:\/\/chateaudalencon.fr\/index.php\/home_\/\"},{\"@type\":\"ListItem\",\"position\":2,\"name\":\"Tarifs &amp; R\u00e9servation\"}]},{\"@type\":\"WebSite\",\"@id\":\"https:\/\/chateaudalencon.fr\/#website\",\"url\":\"https:\/\/chateaudalencon.fr\/\",\"name\":\"Chateau d'Alen\u00e7on\",\"description\":\"G\u00eete en Dr\u00f4me Proven\u00e7ale\",\"publisher\":{\"@id\":\"https:\/\/chateaudalencon.fr\/#organization\"},\"alternateName\":\"Gites du Chateau d'Alen\u00e7on\",\"potentialAction\":[{\"@type\":\"SearchAction\",\"target\":{\"@type\":\"EntryPoint\",\"urlTemplate\":\"https:\/\/chateaudalencon.fr\/?s={search_term_string}\"},\"query-input\":{\"@type\":\"PropertyValueSpecification\",\"valueRequired\":true,\"valueName\":\"search_term_string\"}}],\"inLanguage\":\"fr-FR\"},{\"@type\":\"Organization\",\"@id\":\"https:\/\/chateaudalencon.fr\/#organization\",\"name\":\"Gites du Chateau d'Alen\u00e7on\",\"url\":\"https:\/\/chateaudalencon.fr\/\",\"logo\":{\"@type\":\"ImageObject\",\"inLanguage\":\"fr-FR\",\"@id\":\"https:\/\/chateaudalencon.fr\/#\/schema\/logo\/image\/\",\"url\":\"https:\/\/chateaudalencon.fr\/wp-content\/uploads\/2015\/09\/cropped-Logo-Gite-de-France.png\",\"contentUrl\":\"https:\/\/chateaudalencon.fr\/wp-content\/uploads\/2015\/09\/cropped-Logo-Gite-de-France.png\",\"width\":512,\"height\":512,\"caption\":\"Gites du Chateau d'Alen\u00e7on\"},\"image\":{\"@id\":\"https:\/\/chateaudalencon.fr\/#\/schema\/logo\/image\/\"},\"sameAs\":[\"https:\/\/www.facebook.com\/gite.alencon\"]}]}<\/script>\n<!-- \/ Yoast SEO plugin. -->","yoast_head_json":{"title":"Tarifs &amp; R\u00e9servation - Chateau d&#039;Alen\u00e7on","robots":{"index":"index","follow":"follow","max-snippet":"max-snippet:-1","max-image-preview":"max-image-preview:large","max-video-preview":"max-video-preview:-1"},"canonical":"https:\/\/chateaudalencon.fr\/index.php\/tarif-reservation\/","og_locale":"fr_FR","og_type":"article","og_title":"Tarifs &amp; R\u00e9servation - Chateau d&#039;Alen\u00e7on","og_description":"Nos tarifs sont d\u00e9taill\u00e9s ci-dessous. N&rsquo;h\u00e9sitez pas \u00e0 nous contacter pour que nous vous fassions une proposition personnalis\u00e9e. &#8211;","og_url":"https:\/\/chateaudalencon.fr\/index.php\/tarif-reservation\/","og_site_name":"Chateau d&#039;Alen\u00e7on","article_publisher":"https:\/\/www.facebook.com\/gite.alencon","article_modified_time":"2025-06-12T20:44:20+00:00","og_image":[{"width":1679,"height":720,"url":"https:\/\/chateaudalencon.fr\/wp-content\/uploads\/2015\/09\/cropped-DSC_0677.jpg","type":"image\/jpeg"}],"twitter_card":"summary_large_image","twitter_misc":{"Dur\u00e9e de lecture estim\u00e9e":"1 minute"},"schema":{"@context":"https:\/\/schema.org","@graph":[{"@type":"WebPage","@id":"https:\/\/chateaudalencon.fr\/index.php\/tarif-reservation\/","url":"https:\/\/chateaudalencon.fr\/index.php\/tarif-reservation\/","name":"Tarifs &amp; R\u00e9servation - Chateau d&#039;Alen\u00e7on","isPartOf":{"@id":"https:\/\/chateaudalencon.fr\/#website"},"primaryImageOfPage":{"@id":"https:\/\/chateaudalencon.fr\/index.php\/tarif-reservation\/#primaryimage"},"image":{"@id":"https:\/\/chateaudalencon.fr\/index.php\/tarif-reservation\/#primaryimage"},"thumbnailUrl":"https:\/\/chateaudalencon.fr\/wp-content\/uploads\/2015\/09\/cropped-DSC_0677.jpg","datePublished":"2015-09-26T09:16:10+00:00","dateModified":"2025-06-12T20:44:20+00:00","breadcrumb":{"@id":"https:\/\/chateaudalencon.fr\/index.php\/tarif-reservation\/#breadcrumb"},"inLanguage":"fr-FR","potentialAction":[{"@type":"ReadAction","target":["https:\/\/chateaudalencon.fr\/index.php\/tarif-reservation\/"]}]},{"@type":"ImageObject","inLanguage":"fr-FR","@id":"https:\/\/chateaudalencon.fr\/index.php\/tarif-reservation\/#primaryimage","url":"https:\/\/chateaudalencon.fr\/wp-content\/uploads\/2015\/09\/cropped-DSC_0677.jpg","contentUrl":"https:\/\/chateaudalencon.fr\/wp-content\/uploads\/2015\/09\/cropped-DSC_0677.jpg","width":1679,"height":720},{"@type":"BreadcrumbList","@id":"https:\/\/chateaudalencon.fr\/index.php\/tarif-reservation\/#breadcrumb","itemListElement":[{"@type":"ListItem","position":1,"name":"Accueil","item":"https:\/\/chateaudalencon.fr\/index.php\/home_\/"},{"@type":"ListItem","position":2,"name":"Tarifs &amp; R\u00e9servation"}]},{"@type":"WebSite","@id":"https:\/\/chateaudalencon.fr\/#website","url":"https:\/\/chateaudalencon.fr\/","name":"Chateau d'Alen\u00e7on","description":"G\u00eete en Dr\u00f4me Proven\u00e7ale","publisher":{"@id":"https:\/\/chateaudalencon.fr\/#organization"},"alternateName":"Gites du Chateau d'Alen\u00e7on","potentialAction":[{"@type":"SearchAction","target":{"@type":"EntryPoint","urlTemplate":"https:\/\/chateaudalencon.fr\/?s={search_term_string}"},"query-input":{"@type":"PropertyValueSpecification","valueRequired":true,"valueName":"search_term_string"}}],"inLanguage":"fr-FR"},{"@type":"Organization","@id":"https:\/\/chateaudalencon.fr\/#organization","name":"Gites du Chateau d'Alen\u00e7on","url":"https:\/\/chateaudalencon.fr\/","logo":{"@type":"ImageObject","inLanguage":"fr-FR","@id":"https:\/\/chateaudalencon.fr\/#\/schema\/logo\/image\/","url":"https:\/\/chateaudalencon.fr\/wp-content\/uploads\/2015\/09\/cropped-Logo-Gite-de-France.png","contentUrl":"https:\/\/chateaudalencon.fr\/wp-content\/uploads\/2015\/09\/cropped-Logo-Gite-de-France.png","width":512,"height":512,"caption":"Gites du Chateau d'Alen\u00e7on"},"image":{"@id":"https:\/\/chateaudalencon.fr\/#\/schema\/logo\/image\/"},"sameAs":["https:\/\/www.facebook.com\/gite.alencon"]}]}},"_links":{"self":[{"href":"https:\/\/chateaudalencon.fr\/index.php\/wp-json\/wp\/v2\/pages\/129","targetHints":{"allow":["GET"]}}],"collection":[{"href":"https:\/\/chateaudalencon.fr\/index.php\/wp-json\/wp\/v2\/pages"}],"about":[{"href":"https:\/\/chateaudalencon.fr\/index.php\/wp-json\/wp\/v2\/types\/page"}],"author":[{"embeddable":true,"href":"https:\/\/chateaudalencon.fr\/index.php\/wp-json\/wp\/v2\/users\/1"}],"replies":[{"embeddable":true,"href":"https:\/\/chateaudalencon.fr\/index.php\/wp-json\/wp\/v2\/comments?post=129"}],"version-history":[{"count":24,"href":"https:\/\/chateaudalencon.fr\/index.php\/wp-json\/wp\/v2\/pages\/129\/revisions"}],"predecessor-version":[{"id":1244,"href":"https:\/\/chateaudalencon.fr\/index.php\/wp-json\/wp\/v2\/pages\/129\/revisions\/1244"}],"wp:featuredmedia":[{"embeddable":true,"href":"https:\/\/chateaudalencon.fr\/index.php\/wp-json\/wp\/v2\/media\/457"}],"wp:attachment":[{"href":"https:\/\/chateaudalencon.fr\/index.php\/wp-json\/wp\/v2\/media?parent=129"}],"curies":[{"name":"wp","href":"https:\/\/api.w.org\/{rel}","templated":true}]}}