{"id":127,"date":"2015-09-26T09:15:19","date_gmt":"2015-09-26T09:15:19","guid":{"rendered":"http:\/\/chateaudalencon.fr\/?page_id=127"},"modified":"2021-03-04T21:36:50","modified_gmt":"2021-03-04T21:36:50","slug":"carpe-diem","status":"publish","type":"page","link":"https:\/\/chateaudalencon.fr\/index.php\/gites\/carpe-diem\/","title":{"rendered":"Le G\u00eete Carpe Diem"},"content":{"rendered":"<p>Situ\u00e9 au rez-de-chauss\u00e9e et expos\u00e9 au sud dans la cour du ch\u00e2teau, Carpe Diem est le\u00a0g\u00eete id\u00e9al pour 4 \u00e0 6 personnes.<\/p>\n<p>Sa cuisine\u00a0tr\u00e8s fonctionnelle,\u00a0ouverte sur le \u00a0jardin,\u00a0le rend tr\u00e8s agr\u00e9able avec des enfants en bas \u00e2ge&#8230;<\/p>\n<p>Vous y trouverez notamment:<\/p>\n<ul>\n<li>Deux belles chambres doubles\u00a0(2 chambres avec lits 140&#215;190).<\/li>\n<li>Un agr\u00e9able salon\/s\u00e9jour (canap\u00e9 convertible en lit de\u00a0140&#215;190, TV, Hifi).<\/li>\n<li>Une\u00a0cuisine\u00a0toute \u00e9quip\u00e9e (r\u00e9frig\u00e9rateur, lave-vaisselle, plaques vitro, four, cafeti\u00e8re \u00e0 filtre et cafeti\u00e8re Nespresso, ainsi que\u00a0tous les ustensiles n\u00e9cessaires pour vous mijoter de bons petits plats\u2026) avec acc\u00e8s direct \u00e0 la terrasse fleurie et garnie d\u2019aromates&#8230;<\/li>\n<li>Une salle de bain avec douche \u00e0 l&rsquo;italienne et grande\u00a0baignoire d&rsquo;angle.<\/li>\n<li>Une buanderie\u00a0avec machine \u00e0 laver (table et fer \u00e0 repasser) et cong\u00e9lateur<\/li>\n<li>Une terrasse parfaitement expos\u00e9e avec sa tonnelle en fer forg\u00e9 pour vos siestes et vos repas ombrag\u00e9s, ainsi que\u00a0barbecue, salon de jardin, transats&#8230;.<\/li>\n<\/ul>\n<p>Carpe Diem est un g\u00eete \u00ab\u00a0<em>baby friendly<\/em>\u00ab\u00a0, nos deux enfants y ont grandi sereinement et ont appris \u00e0 marcher dans la cour du ch\u00e2teau&#8230; Nous pouvons donc vous proposer du mat\u00e9riel de pu\u00e9riculture tel que: lit b\u00e9b\u00e9 et matelas, chaise haute, petite baignoire, coffre avec jeux pour enfants, pot, marche pied&#8230;<\/p>\n<p>\u00a0<\/p>\n\n\n<div class=\"b24bookingbutton\"><form  method='GET' action='https:\/\/beds24.com\/booking.php' target='_blank' style='display:inline'><input type='submit' value='R\u00e9server en Ligne'  style= \"width: auto; height: auto; text-shadow: 0 -1px 1px rgba(0, 0, 0, 0.1); -webkit-box-shadow: 0px 0px 1px #777777; -moz-box-shadow: 0px 0px 1px #777777; box-shadow: 0px 0px 1px #777777; cursor: pointer; display: inline-block; font-size: 24px; font-weight: bold;  padding: 10px; position: relative; text-align: center; font-family: inherit; background: #339900; background: -moz-linear-gradient(top, #66cc00, #339900); background: -webkit-gradient(linear, left top, left bottom, from(#66cc00), to(#339900)); background: -webkit-linear-gradient(top, #66cc00, #339900); background: -o-linear-gradient(top, #66cc00, #339900); background: linear-gradient(top, #66cc00, #339900); filter: progid:DXImageTransform.Microsoft.gradient(startColorstr='#66cc00', endColorstr='#339900'); border: 1px solid #339900; color: #ffffff;\"><input type='hidden' name='propid' value='127947'><input type='hidden' name='type' value='0'><input type='hidden' name='referer' value='BookingButton'><\/form><\/div>\n\n\n<div id=\"grid-gallery-2-695\" data-gg-id=\"2\" data-title=\"Carpe Diem\" data-grid-type=\"2\" data-offset=\"5.3\" data-area-position=\"center\" data-icons=\"\" data-preloader=\"\" data-width=\"auto\" data-height=\"215\" data-padding=\"\" data-quicksand=\"disabled\" data-quicksand-duration=\"none\" data-popup-theme=\"theme_6\" data-popup-type=\"pretty-photo\" data-popup-image-text=\"title\" data-popup-widthsize=\"auto\" data-popup-heightsize=\"auto\" data-popup-i18n-words=\"{&quot;close&quot;:&quot;fermer&quot;,&quot;next&quot;:&quot;suivant&quot;,&quot;previous&quot;:&quot;pr\\u00e9c\\u00e9dent&quot;,&quot;start_slideshow&quot;:&quot;d\\u00e9marrer le diaporama&quot;,&quot;stop_slideshow&quot;:&quot;arr\\u00e9ter le diaporama&quot;,&quot;image&quot;:&quot;image&quot;,&quot;of&quot;:&quot;de&quot;,&quot;prev&quot;:&quot;pr\\u00e9c.&quot;,&quot;cExpand&quot;:&quot;Agrandir&quot;,&quot;cPrevious&quot;:&quot;Pr\\u00e9c\\u00e9dent&quot;,&quot;cNext&quot;:&quot;Suivant&quot;,&quot;cExpandStr&quot;:&quot;Agrandir l&#039;image&quot;,&quot;cRotate&quot;:&quot;Pivoter&quot;,&quot;cDetails&quot;:&quot;Details&quot;}\" data-popup-slideshow=\"true\" data-popup-slideshow-speed=\"2500\" data-popup-hoverstop=\"true\" data-popup-slideshow-auto=\"true\" data-popup-background=\"\" data-popup-transparency=\"30\" data-popup-disable-history=\"\" data-popup-disable-changed-url=\"\" data-popup-border-type=\"\" data-popup-border-color=\"\" data-popup-border-width=\"\" data-popup-border-enable=\"\" data-fullscreen=\"false\" data-hide-tooltip=\"false\" data-caption-font-family=\"Abel\" data-caption-text-size=\"140\" data-is-mobile=\"0\" data-caption-mobile=\"false\" data-hide-long-tltp-title=\"0\" data-caption-disabled-on-mobile=\"false\" data-popup-placement-type=\"0\" data-social-sharing=\"{&quot;enabled&quot;:null,&quot;gallerySharing&quot;:{&quot;enabled&quot;:null,&quot;position&quot;:null},&quot;imageSharing&quot;:{&quot;enabled&quot;:null,&quot;wrapperClass&quot;:&quot; vertical &quot;},&quot;popupSharing&quot;:{&quot;enabled&quot;:null,&quot;wrapperClass&quot;:&quot; vertical &quot;}}\" class=\"grid-gallery grid-gallery-fixed \" style=\" width:110%; height:auto; margin-left:auto; margin-right:auto;position:relative;\"> <div class=\"gallery-loading\"> <div class=\"blocks\"> <div class=\"block\"><\/div> <div class=\"block\"><\/div> <div class=\"block\"><\/div> <div class=\"block\"><\/div> <\/div> <\/div> <div class=\"gallery-sharing-top\" style=\"display:none;\"> <\/div> <div id=\"photos-2\" class=\"grid-gallery-photos\"><FIGURE class=\"grid-gallery-caption\" data-grid-gallery-type=\"quarter-two-step\" data-index=\"0\" style=\"display:none;border-radius:200;; margin:2.65px; height:2150; width:auto;\" ><div class=\"crop\" style=\"\"><img decoding=\"async\" src=\"http:\/\/chateaudalencon.fr\/wp-content\/uploads\/2019\/06\/DSC_9583-324x215.jpg\" class=\"ggImg ggNotInitImg\" alt=\"DSC_9583\" title=\"DSC_9583\" data-description=\"DSC_9583\" data-caption=\"chambre double 1x140\" data-title=\"DSC_9583\" style=\" height:215px; width:auto;\" \/><\/div><FIGCAPTION class=\"\" data-alpha=\"5\" style=\"color:#ffffff; background-color:#000000; font-size:140; text-align:left; font-family:Abel;\" ><div class=\"grid-gallery-figcaption-wrap\" style=\"\"><\/div><\/FIGCAPTION><\/FIGURE><FIGURE class=\"grid-gallery-caption\" data-grid-gallery-type=\"quarter-two-step\" data-index=\"1\" style=\"display:none;border-radius:200;; margin:2.65px; height:2150; width:auto;\" ><div class=\"crop\" style=\"\"><img decoding=\"async\" src=\"http:\/\/chateaudalencon.fr\/wp-content\/uploads\/2019\/06\/DSC_9575-324x215.jpg\" class=\"ggImg ggNotInitImg\" alt=\"DSC_9575\" title=\"DSC_9575\" data-description=\"DSC_9575\" data-caption=\"salon\" data-title=\"DSC_9575\" style=\" height:215px; width:auto;\" \/><\/div><FIGCAPTION class=\"\" data-alpha=\"5\" style=\"color:#ffffff; background-color:#000000; font-size:140; text-align:left; font-family:Abel;\" ><div class=\"grid-gallery-figcaption-wrap\" style=\"\"><\/div><\/FIGCAPTION><\/FIGURE><FIGURE class=\"grid-gallery-caption\" data-grid-gallery-type=\"quarter-two-step\" data-index=\"2\" style=\"display:none;border-radius:200;; margin:2.65px; height:2150; width:auto;\" ><div class=\"crop\" style=\"\"><img decoding=\"async\" src=\"http:\/\/chateaudalencon.fr\/wp-content\/uploads\/2019\/06\/DSC_9611-324x215.jpg\" class=\"ggImg ggNotInitImg\" alt=\"DSC_9611\" title=\"DSC_9611\" data-description=\"DSC_9611\" data-caption=\"terrasse donnant dans la cour du chateau\" data-title=\"DSC_9611\" style=\" height:215px; width:auto;\" \/><\/div><FIGCAPTION class=\"\" data-alpha=\"5\" style=\"color:#ffffff; background-color:#000000; font-size:140; text-align:left; font-family:Abel;\" ><div class=\"grid-gallery-figcaption-wrap\" style=\"\"><\/div><\/FIGCAPTION><\/FIGURE><FIGURE class=\"grid-gallery-caption\" data-grid-gallery-type=\"quarter-two-step\" data-index=\"3\" style=\"display:none;border-radius:200;; margin:2.65px; height:2150; width:auto;\" ><div class=\"crop\" style=\"\"><img decoding=\"async\" src=\"http:\/\/chateaudalencon.fr\/wp-content\/uploads\/2019\/06\/DSC_3632-324x215.jpg\" class=\"ggImg ggNotInitImg\" alt=\"DSC_3632\" title=\"DSC_3632\" data-description=\"DSC_3632\" data-caption=\"Lavandes en fleur devant le chateau\" data-title=\"DSC_3632\" style=\" height:215px; width:auto;\" \/><\/div><FIGCAPTION class=\"\" data-alpha=\"5\" style=\"color:#ffffff; background-color:#000000; font-size:140; text-align:left; font-family:Abel;\" ><div class=\"grid-gallery-figcaption-wrap\" style=\"\"><\/div><\/FIGCAPTION><\/FIGURE><FIGURE class=\"grid-gallery-caption\" data-grid-gallery-type=\"quarter-two-step\" data-index=\"4\" style=\"display:none;border-radius:200;; margin:2.65px; height:2150; width:auto;\" ><div class=\"crop\" style=\"\"><img decoding=\"async\" src=\"http:\/\/chateaudalencon.fr\/wp-content\/uploads\/2019\/06\/20180703_143508-523x215.jpg\" class=\"ggImg ggNotInitImg\" alt=\"20180703_143508\" title=\"20180703_143508\" data-description=\"20180703_143508\" data-caption=\"cuisine \u00e9uip\u00e9e donnant sur terrasse\" data-title=\"20180703_143508\" style=\" height:215px; width:auto;\" \/><\/div><FIGCAPTION class=\"\" data-alpha=\"5\" style=\"color:#ffffff; background-color:#000000; font-size:140; text-align:left; font-family:Abel;\" ><div class=\"grid-gallery-figcaption-wrap\" style=\"\"><\/div><\/FIGCAPTION><\/FIGURE><FIGURE class=\"grid-gallery-caption\" data-grid-gallery-type=\"quarter-two-step\" data-index=\"5\" style=\"display:none;border-radius:200;; margin:2.65px; height:2150; width:auto;\" ><div class=\"crop\" style=\"\"><img decoding=\"async\" src=\"http:\/\/chateaudalencon.fr\/wp-content\/uploads\/2019\/06\/DSC_9627-324x215.jpg\" class=\"ggImg ggNotInitImg\" alt=\"DSC_9627\" title=\"DSC_9627\" data-description=\"DSC_9627\" data-caption=\"terrasse fleurie et ombrag\u00e9e\" data-title=\"DSC_9627\" style=\" height:215px; width:auto;\" \/><\/div><FIGCAPTION class=\"\" data-alpha=\"5\" style=\"color:#ffffff; background-color:#000000; font-size:140; text-align:left; font-family:Abel;\" ><div class=\"grid-gallery-figcaption-wrap\" style=\"\"><\/div><\/FIGCAPTION><\/FIGURE><FIGURE class=\"grid-gallery-caption\" data-grid-gallery-type=\"quarter-two-step\" data-index=\"6\" style=\"display:none;border-radius:200;; margin:2.65px; height:2150; width:auto;\" ><div class=\"crop\" style=\"\"><img decoding=\"async\" src=\"http:\/\/chateaudalencon.fr\/wp-content\/uploads\/2015\/09\/DSC_4214-324x215.jpg\" class=\"ggImg ggNotInitImg\" alt=\"DSC_4214\" title=\"DSC_4214\" data-description=\"DSC_4214\" data-caption=\"Terrasse fleurie et garnie d&amp;#039;herbes aromatiques\" data-title=\"DSC_4214\" style=\" height:215px; width:auto;\" \/><\/div><FIGCAPTION class=\"\" data-alpha=\"5\" style=\"color:#ffffff; background-color:#000000; font-size:140; text-align:left; font-family:Abel;\" ><div class=\"grid-gallery-figcaption-wrap\" style=\"\"><\/div><\/FIGCAPTION><\/FIGURE><FIGURE class=\"grid-gallery-caption\" data-grid-gallery-type=\"quarter-two-step\" data-index=\"7\" style=\"display:none;border-radius:200;; margin:2.65px; height:2150; width:auto;\" ><div class=\"crop\" style=\"\"><img decoding=\"async\" src=\"http:\/\/chateaudalencon.fr\/wp-content\/uploads\/2019\/06\/DSC_9598-2-324x215.jpg\" class=\"ggImg ggNotInitImg\" alt=\"DSC_3735\" title=\"DSC_9598-2\" data-description=\"DSC_9598-2\" data-caption=\"Chambre double 1x140\" data-title=\"DSC_9598-2\" style=\" height:215px; width:auto;\" \/><\/div><FIGCAPTION class=\"\" data-alpha=\"5\" style=\"color:#ffffff; background-color:#000000; font-size:140; text-align:left; font-family:Abel;\" ><div class=\"grid-gallery-figcaption-wrap\" style=\"\"><\/div><\/FIGCAPTION><\/FIGURE><FIGURE class=\"grid-gallery-caption\" data-grid-gallery-type=\"quarter-two-step\" data-index=\"8\" style=\"display:none;border-radius:200;; margin:2.65px; height:2150; width:auto;\" ><div class=\"crop\" style=\"\"><img decoding=\"async\" src=\"http:\/\/chateaudalencon.fr\/wp-content\/uploads\/2015\/09\/DSC_3795-324x215.jpg\" class=\"ggImg ggNotInitImg\" alt=\"DSC_3795\" title=\"DSC_3795\" data-description=\"DSC_3795\" data-caption=\"cuisine ouverte sur terrasse de plein pied\" data-title=\"DSC_3795\" style=\" height:215px; width:auto;\" \/><\/div><FIGCAPTION class=\"\" data-alpha=\"5\" style=\"color:#ffffff; background-color:#000000; font-size:140; text-align:left; font-family:Abel;\" ><div class=\"grid-gallery-figcaption-wrap\" style=\"\"><\/div><\/FIGCAPTION><\/FIGURE><FIGURE class=\"grid-gallery-caption\" data-grid-gallery-type=\"quarter-two-step\" data-index=\"9\" style=\"display:none;border-radius:200;; margin:2.65px; height:2150; width:auto;\" ><div class=\"crop\" style=\"\"><img decoding=\"async\" src=\"http:\/\/chateaudalencon.fr\/wp-content\/uploads\/2015\/09\/cropped-DSC_3779-501x215.jpg\" class=\"ggImg ggNotInitImg\" alt=\"cropped-DSC_3779.jpg\" title=\"http:\/\/chateaudalencon.fr\/wp-content\/uploads\/2015\/09\/cropped-DSC_3779.jpg\" data-description=\"http:\/\/chateaudalencon.fr\/wp-content\/uploads\/2015\/09\/cropped-DSC_3779.jpg\" data-caption=\"soir d&amp;#039;\u00e9t\u00e9 \u00e0 Carpe Diem\" data-title=\"cropped-DSC_3779.jpg\" style=\" height:215px; width:auto;\" \/><\/div><FIGCAPTION class=\"\" data-alpha=\"5\" style=\"color:#ffffff; background-color:#000000; font-size:140; text-align:left; font-family:Abel;\" ><div class=\"grid-gallery-figcaption-wrap\" style=\"\"><\/div><\/FIGCAPTION><\/FIGURE><FIGURE class=\"grid-gallery-caption\" data-grid-gallery-type=\"quarter-two-step\" data-index=\"10\" style=\"display:none;border-radius:200;; margin:2.65px; height:2150; width:auto;\" ><div class=\"crop\" style=\"\"><img decoding=\"async\" src=\"http:\/\/chateaudalencon.fr\/wp-content\/uploads\/2019\/06\/DSC_9567-1-324x215.jpg\" class=\"ggImg ggNotInitImg\" alt=\"DSC_3691\" title=\"DSC_9567-1\" data-description=\"DSC_9567-1\" data-caption=\"Salon ouvert sur la cuisine\" data-title=\"DSC_9567-1\" style=\" height:215px; width:auto;\" \/><\/div><FIGCAPTION class=\"\" data-alpha=\"5\" style=\"color:#ffffff; background-color:#000000; font-size:140; text-align:left; font-family:Abel;\" ><div class=\"grid-gallery-figcaption-wrap\" style=\"\"><\/div><\/FIGCAPTION><\/FIGURE> <div class=\"grid-gallery-clearfix\"><\/div> <\/div> <div class=\"gallery-sharing-bottom\" style=\"display:none;\"> <\/div> <div class=\"gallery-sharing-image\" style=\"display:none;\"> <\/div> <div class=\"gallery-sharing-popup\" style=\"display:none;\"> <\/div> <div class=\"grid-gallery-clearfix\"><\/div> <\/div> <!-- Gallery by Supsystic plugin1.15.30 --><a title=\"Gallery Wordpress\" style=\"display:none;\" href=\"https:\/\/supsystic.com\/plugins\/photo-gallery\/?utm_medium=love_link\" target=\"_blank\">Gallery Wordpress<\/a>\n","protected":false},"excerpt":{"rendered":"<p>Situ\u00e9 au rez-de-chauss\u00e9e et expos\u00e9 au sud dans la cour du ch\u00e2teau, Carpe Diem est le\u00a0g\u00eete id\u00e9al pour 4 \u00e0 <a class=\"more-link\" href=\"https:\/\/chateaudalencon.fr\/index.php\/gites\/carpe-diem\/\">Lire plus&#8230;<\/a><\/p>\n","protected":false},"author":1,"featured_media":418,"parent":123,"menu_order":0,"comment_status":"closed","ping_status":"closed","template":"","meta":{"footnotes":""},"class_list":["post-127","page","type-page","status-publish","has-post-thumbnail","hentry"],"yoast_head":"<!-- This site is optimized with the Yoast SEO plugin v25.3 - https:\/\/yoast.com\/wordpress\/plugins\/seo\/ -->\n<title>Le G\u00eete Carpe Diem - Chateau d&#039;Alen\u00e7on<\/title>\n<meta name=\"robots\" content=\"index, follow, max-snippet:-1, max-image-preview:large, max-video-preview:-1\" \/>\n<link rel=\"canonical\" href=\"https:\/\/chateaudalencon.fr\/index.php\/gites\/carpe-diem\/\" \/>\n<meta property=\"og:locale\" content=\"fr_FR\" \/>\n<meta property=\"og:type\" content=\"article\" \/>\n<meta property=\"og:title\" content=\"Le G\u00eete Carpe Diem - Chateau d&#039;Alen\u00e7on\" \/>\n<meta property=\"og:description\" content=\"Situ\u00e9 au rez-de-chauss\u00e9e et expos\u00e9 au sud dans la cour du ch\u00e2teau, Carpe Diem est le\u00a0g\u00eete id\u00e9al pour 4 \u00e0 Lire plus...\" \/>\n<meta property=\"og:url\" content=\"https:\/\/chateaudalencon.fr\/index.php\/gites\/carpe-diem\/\" \/>\n<meta property=\"og:site_name\" content=\"Chateau d&#039;Alen\u00e7on\" \/>\n<meta property=\"article:publisher\" content=\"https:\/\/www.facebook.com\/gite.alencon\" \/>\n<meta property=\"article:modified_time\" content=\"2021-03-04T21:36:50+00:00\" \/>\n<meta property=\"og:image\" content=\"https:\/\/chateaudalencon.fr\/wp-content\/uploads\/2015\/09\/DSC_3691-e1452550583637.jpg\" \/>\n\t<meta property=\"og:image:width\" content=\"1920\" \/>\n\t<meta property=\"og:image:height\" content=\"830\" \/>\n\t<meta property=\"og:image:type\" content=\"image\/jpeg\" \/>\n<meta name=\"twitter:card\" content=\"summary_large_image\" \/>\n<meta name=\"twitter:label1\" content=\"Dur\u00e9e de lecture estim\u00e9e\" \/>\n\t<meta name=\"twitter:data1\" content=\"1 minute\" \/>\n<script type=\"application\/ld+json\" class=\"yoast-schema-graph\">{\"@context\":\"https:\/\/schema.org\",\"@graph\":[{\"@type\":\"WebPage\",\"@id\":\"https:\/\/chateaudalencon.fr\/index.php\/gites\/carpe-diem\/\",\"url\":\"https:\/\/chateaudalencon.fr\/index.php\/gites\/carpe-diem\/\",\"name\":\"Le G\u00eete Carpe Diem - Chateau d&#039;Alen\u00e7on\",\"isPartOf\":{\"@id\":\"https:\/\/chateaudalencon.fr\/#website\"},\"primaryImageOfPage\":{\"@id\":\"https:\/\/chateaudalencon.fr\/index.php\/gites\/carpe-diem\/#primaryimage\"},\"image\":{\"@id\":\"https:\/\/chateaudalencon.fr\/index.php\/gites\/carpe-diem\/#primaryimage\"},\"thumbnailUrl\":\"https:\/\/chateaudalencon.fr\/wp-content\/uploads\/2015\/09\/DSC_3691-e1452550583637.jpg\",\"datePublished\":\"2015-09-26T09:15:19+00:00\",\"dateModified\":\"2021-03-04T21:36:50+00:00\",\"breadcrumb\":{\"@id\":\"https:\/\/chateaudalencon.fr\/index.php\/gites\/carpe-diem\/#breadcrumb\"},\"inLanguage\":\"fr-FR\",\"potentialAction\":[{\"@type\":\"ReadAction\",\"target\":[\"https:\/\/chateaudalencon.fr\/index.php\/gites\/carpe-diem\/\"]}]},{\"@type\":\"ImageObject\",\"inLanguage\":\"fr-FR\",\"@id\":\"https:\/\/chateaudalencon.fr\/index.php\/gites\/carpe-diem\/#primaryimage\",\"url\":\"https:\/\/chateaudalencon.fr\/wp-content\/uploads\/2015\/09\/DSC_3691-e1452550583637.jpg\",\"contentUrl\":\"https:\/\/chateaudalencon.fr\/wp-content\/uploads\/2015\/09\/DSC_3691-e1452550583637.jpg\",\"width\":1920,\"height\":830},{\"@type\":\"BreadcrumbList\",\"@id\":\"https:\/\/chateaudalencon.fr\/index.php\/gites\/carpe-diem\/#breadcrumb\",\"itemListElement\":[{\"@type\":\"ListItem\",\"position\":1,\"name\":\"Accueil\",\"item\":\"https:\/\/chateaudalencon.fr\/index.php\/home_\/\"},{\"@type\":\"ListItem\",\"position\":2,\"name\":\"G\u00eetes\",\"item\":\"https:\/\/chateaudalencon.fr\/index.php\/gites\/\"},{\"@type\":\"ListItem\",\"position\":3,\"name\":\"Le G\u00eete Carpe Diem\"}]},{\"@type\":\"WebSite\",\"@id\":\"https:\/\/chateaudalencon.fr\/#website\",\"url\":\"https:\/\/chateaudalencon.fr\/\",\"name\":\"Chateau d'Alen\u00e7on\",\"description\":\"G\u00eete en Dr\u00f4me Proven\u00e7ale\",\"publisher\":{\"@id\":\"https:\/\/chateaudalencon.fr\/#organization\"},\"alternateName\":\"Gites du Chateau d'Alen\u00e7on\",\"potentialAction\":[{\"@type\":\"SearchAction\",\"target\":{\"@type\":\"EntryPoint\",\"urlTemplate\":\"https:\/\/chateaudalencon.fr\/?s={search_term_string}\"},\"query-input\":{\"@type\":\"PropertyValueSpecification\",\"valueRequired\":true,\"valueName\":\"search_term_string\"}}],\"inLanguage\":\"fr-FR\"},{\"@type\":\"Organization\",\"@id\":\"https:\/\/chateaudalencon.fr\/#organization\",\"name\":\"Gites du Chateau d'Alen\u00e7on\",\"url\":\"https:\/\/chateaudalencon.fr\/\",\"logo\":{\"@type\":\"ImageObject\",\"inLanguage\":\"fr-FR\",\"@id\":\"https:\/\/chateaudalencon.fr\/#\/schema\/logo\/image\/\",\"url\":\"https:\/\/chateaudalencon.fr\/wp-content\/uploads\/2015\/09\/cropped-Logo-Gite-de-France.png\",\"contentUrl\":\"https:\/\/chateaudalencon.fr\/wp-content\/uploads\/2015\/09\/cropped-Logo-Gite-de-France.png\",\"width\":512,\"height\":512,\"caption\":\"Gites du Chateau d'Alen\u00e7on\"},\"image\":{\"@id\":\"https:\/\/chateaudalencon.fr\/#\/schema\/logo\/image\/\"},\"sameAs\":[\"https:\/\/www.facebook.com\/gite.alencon\"]}]}<\/script>\n<!-- \/ Yoast SEO plugin. -->","yoast_head_json":{"title":"Le G\u00eete Carpe Diem - Chateau d&#039;Alen\u00e7on","robots":{"index":"index","follow":"follow","max-snippet":"max-snippet:-1","max-image-preview":"max-image-preview:large","max-video-preview":"max-video-preview:-1"},"canonical":"https:\/\/chateaudalencon.fr\/index.php\/gites\/carpe-diem\/","og_locale":"fr_FR","og_type":"article","og_title":"Le G\u00eete Carpe Diem - Chateau d&#039;Alen\u00e7on","og_description":"Situ\u00e9 au rez-de-chauss\u00e9e et expos\u00e9 au sud dans la cour du ch\u00e2teau, Carpe Diem est le\u00a0g\u00eete id\u00e9al pour 4 \u00e0 Lire plus...","og_url":"https:\/\/chateaudalencon.fr\/index.php\/gites\/carpe-diem\/","og_site_name":"Chateau d&#039;Alen\u00e7on","article_publisher":"https:\/\/www.facebook.com\/gite.alencon","article_modified_time":"2021-03-04T21:36:50+00:00","og_image":[{"width":1920,"height":830,"url":"https:\/\/chateaudalencon.fr\/wp-content\/uploads\/2015\/09\/DSC_3691-e1452550583637.jpg","type":"image\/jpeg"}],"twitter_card":"summary_large_image","twitter_misc":{"Dur\u00e9e de lecture estim\u00e9e":"1 minute"},"schema":{"@context":"https:\/\/schema.org","@graph":[{"@type":"WebPage","@id":"https:\/\/chateaudalencon.fr\/index.php\/gites\/carpe-diem\/","url":"https:\/\/chateaudalencon.fr\/index.php\/gites\/carpe-diem\/","name":"Le G\u00eete Carpe Diem - Chateau d&#039;Alen\u00e7on","isPartOf":{"@id":"https:\/\/chateaudalencon.fr\/#website"},"primaryImageOfPage":{"@id":"https:\/\/chateaudalencon.fr\/index.php\/gites\/carpe-diem\/#primaryimage"},"image":{"@id":"https:\/\/chateaudalencon.fr\/index.php\/gites\/carpe-diem\/#primaryimage"},"thumbnailUrl":"https:\/\/chateaudalencon.fr\/wp-content\/uploads\/2015\/09\/DSC_3691-e1452550583637.jpg","datePublished":"2015-09-26T09:15:19+00:00","dateModified":"2021-03-04T21:36:50+00:00","breadcrumb":{"@id":"https:\/\/chateaudalencon.fr\/index.php\/gites\/carpe-diem\/#breadcrumb"},"inLanguage":"fr-FR","potentialAction":[{"@type":"ReadAction","target":["https:\/\/chateaudalencon.fr\/index.php\/gites\/carpe-diem\/"]}]},{"@type":"ImageObject","inLanguage":"fr-FR","@id":"https:\/\/chateaudalencon.fr\/index.php\/gites\/carpe-diem\/#primaryimage","url":"https:\/\/chateaudalencon.fr\/wp-content\/uploads\/2015\/09\/DSC_3691-e1452550583637.jpg","contentUrl":"https:\/\/chateaudalencon.fr\/wp-content\/uploads\/2015\/09\/DSC_3691-e1452550583637.jpg","width":1920,"height":830},{"@type":"BreadcrumbList","@id":"https:\/\/chateaudalencon.fr\/index.php\/gites\/carpe-diem\/#breadcrumb","itemListElement":[{"@type":"ListItem","position":1,"name":"Accueil","item":"https:\/\/chateaudalencon.fr\/index.php\/home_\/"},{"@type":"ListItem","position":2,"name":"G\u00eetes","item":"https:\/\/chateaudalencon.fr\/index.php\/gites\/"},{"@type":"ListItem","position":3,"name":"Le G\u00eete Carpe Diem"}]},{"@type":"WebSite","@id":"https:\/\/chateaudalencon.fr\/#website","url":"https:\/\/chateaudalencon.fr\/","name":"Chateau d'Alen\u00e7on","description":"G\u00eete en Dr\u00f4me Proven\u00e7ale","publisher":{"@id":"https:\/\/chateaudalencon.fr\/#organization"},"alternateName":"Gites du Chateau d'Alen\u00e7on","potentialAction":[{"@type":"SearchAction","target":{"@type":"EntryPoint","urlTemplate":"https:\/\/chateaudalencon.fr\/?s={search_term_string}"},"query-input":{"@type":"PropertyValueSpecification","valueRequired":true,"valueName":"search_term_string"}}],"inLanguage":"fr-FR"},{"@type":"Organization","@id":"https:\/\/chateaudalencon.fr\/#organization","name":"Gites du Chateau d'Alen\u00e7on","url":"https:\/\/chateaudalencon.fr\/","logo":{"@type":"ImageObject","inLanguage":"fr-FR","@id":"https:\/\/chateaudalencon.fr\/#\/schema\/logo\/image\/","url":"https:\/\/chateaudalencon.fr\/wp-content\/uploads\/2015\/09\/cropped-Logo-Gite-de-France.png","contentUrl":"https:\/\/chateaudalencon.fr\/wp-content\/uploads\/2015\/09\/cropped-Logo-Gite-de-France.png","width":512,"height":512,"caption":"Gites du Chateau d'Alen\u00e7on"},"image":{"@id":"https:\/\/chateaudalencon.fr\/#\/schema\/logo\/image\/"},"sameAs":["https:\/\/www.facebook.com\/gite.alencon"]}]}},"_links":{"self":[{"href":"https:\/\/chateaudalencon.fr\/index.php\/wp-json\/wp\/v2\/pages\/127","targetHints":{"allow":["GET"]}}],"collection":[{"href":"https:\/\/chateaudalencon.fr\/index.php\/wp-json\/wp\/v2\/pages"}],"about":[{"href":"https:\/\/chateaudalencon.fr\/index.php\/wp-json\/wp\/v2\/types\/page"}],"author":[{"embeddable":true,"href":"https:\/\/chateaudalencon.fr\/index.php\/wp-json\/wp\/v2\/users\/1"}],"replies":[{"embeddable":true,"href":"https:\/\/chateaudalencon.fr\/index.php\/wp-json\/wp\/v2\/comments?post=127"}],"version-history":[{"count":14,"href":"https:\/\/chateaudalencon.fr\/index.php\/wp-json\/wp\/v2\/pages\/127\/revisions"}],"predecessor-version":[{"id":1195,"href":"https:\/\/chateaudalencon.fr\/index.php\/wp-json\/wp\/v2\/pages\/127\/revisions\/1195"}],"up":[{"embeddable":true,"href":"https:\/\/chateaudalencon.fr\/index.php\/wp-json\/wp\/v2\/pages\/123"}],"wp:featuredmedia":[{"embeddable":true,"href":"https:\/\/chateaudalencon.fr\/index.php\/wp-json\/wp\/v2\/media\/418"}],"wp:attachment":[{"href":"https:\/\/chateaudalencon.fr\/index.php\/wp-json\/wp\/v2\/media?parent=127"}],"curies":[{"name":"wp","href":"https:\/\/api.w.org\/{rel}","templated":true}]}}